o + 3. Calculate s(i).
-3
Let a(r) = 1 + 2*r**2 - 11*r + 24*r - 4*r - 13*r + r**3. Calculate a(-3).
4
Let r = -40 - -42. Let j(m) be the third derivative of -1/12*m**4 + 0 + 0*m - r*m**2 + 1/3*m**3 - 1/20*m**5 - 1/120*m**6. Give j(-2).
2
Let u = -7 + 7. Let w(x) be the third derivative of 1/24*x**4 + u + 0*x - 1/2*x**3 + 2*x**2. Calculate w(0).
-3
Let m(a) = 6*a**2 - 4*a - 2. Let c(s) = 7*s**2 - 5*s - 2. Let j(f) = 5*c(f) - 6*m(f). Calculate j(-4).
-10
Suppose -19 = -3*n + 5*o, 5*n = -o + 4*o + 5. Let v(b) = 2*b**3 + b**2 - 2*b. Calculate v(n).
-8
Suppose 0 = z - 2*z + 5. Suppose -z*s = -s - 12. Let r(k) = 1. Let g(b) = 2*b + 1. Let o(x) = -g(x) + 3*r(x). Determine o(s).
-4
Let s(o) be the second derivative of -o**5/20 - o**4/2 + o**3/3 + 4*o**2 - 20*o. Determine s(-6).
-4
Let z(m) = 3*m + 7 - 3 + 4*m + m**2 - m. Determine z(-5).
-1
Let z(k) = -9*k + 4. Let j(b) = 18*b - 9. Let q(i) = -4*j(i) - 9*z(i). Determine q(1).
9
Let w = 1 - -1. Let g(a) = -4 + w*a + 1 + 2. Determine g(-1).
-3
Let q(m) = -m**2 - 5*m + 3. Suppose d + 3 + 1 = 0. Give q(d).
7
Let w(d) be the third derivative of 1/4*d**4 + 0 - 3*d**2 - 5/6*d**3 + 0*d - 1/60*d**5. Let j be (-1 - (-4)/3)*12. What is w(j)?
3
Let s be (-5 - 0)*2/5. Let f be (2 + 0)*(s - -5). Let v = f - 9. Let p(z) = -5*z - 4. Give p(v).
11
Let f(w) be the third derivative of -w**5/15 + w**4/12 + w**3/6 + 12*w**2. Calculate f(-1).
-5
Let c(s) be the second derivative of s**3/6 - s. Suppose t + 5 = 2*o, 0 = o - 3*t + 5*t. Determine c(o).
2
Let c(f) be the second derivative of -f**5/20 + f**4/2 - 7*f**3/6 + f. Let r be 1 + (-8 - -5) + 7. Calculate c(r).
-10
Let y = 16 + -1. Suppose -2*a - y = a. Let f(r) = -r**2 - 3*r + 5. Determine f(a).
-5
Let c(v) be the first derivative of v**3/3 - 5*v**2 - 5*v + 7. Let o(h) be the first derivative of c(h). Calculate o(7).
4
Let u(t) = -2*t - 1. Let i = -25 + 60. Let a be (-21)/i + 2/(-5). Calculate u(a).
1
Let q(p) be the second derivative of -p**6/360 - p**5/20 - p**4/8 + p**3/2 - 3*p. Let m(g) be the second derivative of q(g). Determine m(-6).
-3
Suppose -2*z + 3*z + 3*c = -10, -5*z + 5*c = -10. Let g(m) be the third derivative of 1/6*m**4 + 1/6*m**3 + 4*m**2 + 0 + 0*m. What is g(z)?
-3
Let d(a) be the third derivative of -a**5/60 + a**4/6 + a**3/2 + 20*a**2. Give d(6).
-9
Let x(b) = -5*b + 3446 + 4*b - 3443. Calculate x(3).
0
Let v(m) = -1 + 6*m + m - 2*m. Give v(-1).
-6
Let r(a) = -4*a. Suppose 5*c - 21 = 9. Let y(m) = -3*m - 1. Let i(z) = c*y(z) - 5*r(z). Determine i(4).
2
Let z be 56/16*6/7. Let f(b) = -11*b**3 - 10*b**2 - 7*b + 17. Let q(n) = 4*n**3 + 3*n**2 + 2*n - 6. Let t(w) = z*f(w) + 8*q(w). Determine t(-4).
-9
Let r(u) be the first derivative of u**3/6 + 4*u**2 + 2*u + 5. Let n(g) be the first derivative of r(g). Determine n(-4).
4
Let d(g) = 1. Let z(j) = 4*j + 6. Let f(a) = 6*d(a) - z(a). Let l be f(-1). Let c(n) be the third derivative of -n**4/24 + 2*n**3/3 - 3*n**2. Determine c(l).
0
Let j(s) be the second derivative of -s**5/120 + s**3/3 - 2*s. Let r(x) be the second derivative of j(x). What is r(1)?
-1
Suppose -15 = 3*u + 2*u. Let x(t) be the first derivative of -t**3/3 - 5*t**2/2 - 4*t - 3. Determine x(u).
2
Let l(c) = -8*c**2 - c. Let m be l(1). Let k(v) = -v**2 - 11*v - 12. Determine k(m).
6
Suppose 5*t - 35 = g + 4*g, -g = 5*t - 23. Let b(o) = -7*o**2 - 3*o + 5. Let r(x) = -6*x**2 - 2*x + 5. Let z(m) = 5*b(m) - 6*r(m). Give z(t).
5
Let h(c) be the first derivative of c**6/360 - c**5/60 + c**4/8 - 2*c**3/3 + 3. Let t(b) be the third derivative of h(b). Determine t(3).
6
Suppose -3*a + 23 - 8 = 0. Let v(k) = 2*k - 5. Determine v(a).
5
Let z(o) = -3 + 0*o**3 - 4*o**2 - 1 - 3*o - o**3. Let y(v) = -v - 1. Let s be y(-4). Suppose -n = p + 7, -2*n = s*p - 6*n - 7. Determine z(p).
-4
Let m(p) = p - 4. Let k(x) = -x**2 + 3*x + 3. Let t be k(3). Suppose t*d + 3*i = 1 + 5, 0 = -d + 2*i + 5. What is m(d)?
-1
Let a(y) = -7*y**2 + 1. Let v(u) = -u**2 - 3*u - 1. Let c(f) = -3*f**2 - 10*f - 4. Let j(n) = -2*c(n) + 7*v(n). Let p be j(0). Calculate a(p).
-6
Let u(i) be the third derivative of -i**6/120 + i**5/20 + i**4/12 + i**3/6 - 9*i**2. Suppose -3*j + 8 = -4. Give u(j).
-7
Let j(g) = g - 1. Let k = 68 - 64. What is j(k)?
3
Let i(c) = 7*c - 7. Let s(t) = t + 3. Let x(d) = 4*d + 10. Let v(k) = -21*s(k) + 6*x(k). Let n(g) = 2*i(g) - 5*v(g). What is n(3)?
-2
Suppose -4*l + 6 = -2*l. Let d be 3*(-2 - (-2)/l). Let x(g) = -g**2 - 4*g - 2. What is x(d)?
-2
Suppose 0 = -42*y + 37*y. Let m(w) = -w**3 - w**2 + w - 3. Give m(y).
-3
Let z be (-18)/(-63) + 30/(-7). Let f(b) be the second derivative of -1/12*b**4 - 5/2*b**2 - 7/6*b**3 + 0 - b. Give f(z).
7
Suppose -n + 4*x - 24 = 0, -5*n - 9 = -x + 16. Let r(k) = k - 3. Let z be r(6). Let v(i) = 6*i + 5*i**2 + 2*i**3 + i**3 - 2*i**3 + z. Calculate v(n).
-5
Let u(f) = 4*f. Let v(r) = 3*r. Let w(k) = 2*u(k) - 3*v(k). Determine w(2).
-2
Let g = -4 - -2. Let d(l) = -l**3 - l**2 + l + 3. Let y be d(0). Let r = g - y. Let s(n) = n**2 + 5*n + 7. Calculate s(r).
7
Let u(k) = -k + 1. Let t(a) = -5*a + 6. Let x(f) = -6*t(f) + 33*u(f). Calculate x(-2).
3
Let l = -14 - -18. Let u(n) = l*n**2 - 3*n**2 + n**2 + 3*n - 2*n**3 - 2*n. What is u(2)?
-6
Let q(a) = -a**3 + 3*a**2 - 2*a. Let r be q(2). Let o = -1 - r. Let z(l) = -2*l + 4 - 4 - 1 + 5*l**3. Determine z(o).
-4
Let a(d) = 6 - d**2 + d**2 + d**2 - 2 - 6*d. Calculate a(6).
4
Let c(j) = -j**3 + 7*j**2 - 6*j - 2. Let m be (-2)/(-5) - 46/(-10). Determine c(m).
18
Let n(y) = -2*y**2 - 3 + 2 + 7*y + 3*y**2. Determine n(-6).
-7
Let f(b) = -b**3 - 4*b**2 + 2*b. Let o = 11 - -7. Suppose q = 4*a - 3*q - 12, 0 = -5*q. Suppose -2*m - a*y = 2*y - 2, -o = 4*m - y. Give f(m).
-8
Let h(f) be the first derivative of -3*f**2/2 - f + 11. Calculate h(-2).
5
Let h(l) = 45*l + 4 - 49*l + l**3 + 2*l**2 + 3*l**2 + 2. What is h(-6)?
-6
Let u(y) = -y + 4. Let o(m) = 1. Let v(h) = -3*o(h) - u(h). Give v(8).
1
Let g(q) = q + 1. Let r(c) = c**2 + 1. Let i = -7 - -6. Let w(u) = u**2 - 3*u - 1. Let y be w(3). Let s(l) = i*g(l) + y*r(l). What is s(-2)?
-4
Let h(z) = -z**3 + 9*z**2 - 9*z + 11. Let a be h(8). Let i = -1 + a. Let n(x) = 3*x + 0*x - 2 - 2*x + i*x. Determine n(2).
4
Let k(w) = 2*w + 6. Suppose -2*u + 11 = 5*r - 0, 2*u + 10 = 2*r. Suppose -4*v - 22 = -2*c, r*c - 5*v - 32 + 2 = 0. Suppose -i - c + 0 = 0. Calculate k(i).
-4
Let m(s) = -3*s. Let t = 9 + -4. Suppose -t*v + 50 = 4*i, v = 4*v - i - 13. Let p = v - 4. What is m(p)?
-6
Let s = 10 + -6. Suppose -s*f - 12 - 4 = 0. Let i(c) = -c**3 - 5*c**2 - 2*c + 4. What is i(f)?
-4
Suppose -8 = -12*t + 4. Let p(h) = -h**2. Let j(b) = -12*b**2 + 1. Let w(x) = j(x) - 5*p(x). Give w(t).
-6
Suppose 5*z = -0*z - 15, 14 = -o - 4*z. Let f(w) = -3*w**2 - 3*w. Calculate f(o).
-6
Let v = -3 + 3. Let l(u) = -2*u**3 + 5*u + 3*u**2 + v*u**3 - 2 - 4*u. Suppose 0 = n - 1 - 1. Give l(n).
-4
Let u(c) = -c**3 + 2*c - 4*c - 82 + 2*c**3 + 2*c**2 + 86. Suppose 3*k = 3*i - 9, 0*k = 3*k - 2*i + 9. Give u(k).
1
Let n(b) = 2*b**2 + 4*b + 3. Let r be (-4)/(-10)*(-12 - -7). Let p be n(r). Let l(o) = 2*o - 9*o**2 + o**3 + p*o**2 + 4*o + 0*o. What is l(5)?
5
Let k = -1 - -3. Let f = 5 - k. Let g(t) = 4 - 4*t + 5*t + t - 2*t**2. Calculate g(f).
-8
Let g(u) = -u**3 - 2*u**2 - u - 2. Suppose -5*x + 3*b - b = 21, x + 15 = 4*b. Let o be (2 - x)*(-6)/10. What is g(o)?
10
Let q(j) = j**3 - j**2 + 5*j - 7. Let i be ((-10)/8)/(2/8). Let x(f) = -f**3 + 2*f**2 - 6*f + 8. Let d(o) = i*x(o) - 6*q(o). Give d(-4).
2
Let t(p) = -3*p**2 + 5*p - 4. Let h be t(2). Let y(k) = k**2 + 7*k + 5. Calculate y(h).
-1
Let r(f) = -f + 2. Let c(z) = -z**2. Let w be c(-4). Let m(b) = -6*b + 10. Let q(g) = w*r(g) + 3*m(g). Determine q(3).
-8
Let c(m) = -8*m**2 + 15*m - 12. Let q(s) = 7*s**2 - 14*s + 11. Let d(w) = -6*c(w) - 7*q(w). Give d(6).
7
Let l be 0 + 2 - (37 - 37). Let i(v) be the second derivative of 0 - 1/6*v**3 - 5/2*v**2 + l*v. Give i(5).
-10
Let k(l) be the second derivative of -8*l + 0*l**2 + 0 - 1/4*l**5 + 1/12*l**4 + 0*l**3. Determine k(-1).
6
Let t be (-4)/22 + (-52)/(-44). Let c(j) = -2*j + 3*j - j**2 - 2*j. Determine c(t).
-2
Suppose 6*z = -8 + 2. Let d(k) = 6*k**3 + k**2 - 1. Give d(z).
-6
Let p(o) = o**3 - 6*o**2 - o + 7. Suppose i - 22*i = -126. Give p(i).
1
Let i(r) = -r**3 - 3*r**2 + r - 3. Suppose -